{"id":18784,"date":"2015-04-22T15:34:26","date_gmt":"2015-04-22T15:34:26","guid":{"rendered":"https:\/\/uned-illesbalears.net\/facturacion-electronica-2\/"},"modified":"2026-02-21T20:12:13","modified_gmt":"2026-02-21T19:12:13","slug":"facturacion-electronica","status":"publish","type":"page","link":"https:\/\/uned-illesbalears.net\/ca\/facturacion-electronica\/","title":{"rendered":"Perfil Contratante &#8211; Facturaci\u00f3n electr\u00f3nica"},"content":{"rendered":"<h6><span style=\"color: #008000;\">DATOS DEL PERFIL DEL CONTRATANTE DEL CENTRO ASOCIADO UNED-Illes Balears:<\/span><\/h6>\n<p><strong>Datos identificativos del \u00f3rgano de contrataci\u00f3n:<\/strong><br \/>\nDirecci\u00f3n del Centro Asociado de la UNED en Illes Balears<br \/>\n<strong>CIF:<\/strong> V07165566<br \/>\n<strong>Direcci\u00f3n postal:<\/strong> Cam\u00ed Roig s\/n, &#8211; 07009 Palma<br \/>\n<strong>Tel\u00e9fono:<\/strong> 971434546<br \/>\n<strong>Persona de contacto:<\/strong> Gesti\u00f3n econ\u00f3mica<br \/>\n<strong>E-mail:<\/strong> secretaria@palma.uned.es<br \/>\n<strong>Actividad del \u00f3rgano de contrataci\u00f3n:<\/strong> Educaci\u00f3n<\/p>\n<h6><\/h6>\n<h6>2022<\/h6>\n<h6><span style=\"color: #008000;\"><a style=\"color: #008000;\" href=\"https:\/\/uned-illesbalears.net\/wp-content\/uploads\/2023\/05\/Instrucciones-Envio-FACe-UNED-IllesBalears-f-1.pdf\" class=\"mtli_attachment mtli_pdf\">Instrucciones Envio FACe UNED-IllesBalears-f<\/a><\/span><\/h6>\n<h6><span style=\"color: #008000;\"><a style=\"color: #008000;\" href=\"https:\/\/uned-illesbalears.net\/wp-content\/uploads\/2023\/05\/FACe-Manual-Proveedores.pdf\" class=\"mtli_attachment mtli_pdf\">FACe-Manual-Proveedores<\/a><\/span><\/h6>\n<h6><span style=\"color: #008000;\"><a style=\"color: #008000;\" href=\"https:\/\/uned-illesbalears.net\/wp-content\/uploads\/2023\/05\/4.1.1-Aceptacion-Presupuesto-Pavimentacion.pdf\" class=\"mtli_attachment mtli_pdf\">4.1.1 Aceptaci\u00f3n Presupuesto Pavimentaci\u00f3n<\/a><\/span><\/h6>\n<h6><span style=\"color: #008000;\"><a style=\"color: #008000;\" href=\"https:\/\/uned-illesbalears.net\/wp-content\/uploads\/2023\/05\/4.1.1-Aceptacion-Presupuesto-Pintura-Fachadas-Edificios.pdf\" class=\"mtli_attachment mtli_pdf\">4.1.1 Aceptaci\u00f3n Presupuesto Pintura Fachadas Edificios<\/a><\/span><\/h6>\n<h6>2021<\/h6>\n<h6><span style=\"color: #008000;\"><a style=\"color: #008000;\" href=\"https:\/\/uned-illesbalears.net\/wp-content\/uploads\/2021\/05\/4.1.1.-ICSO-Factura-electr\u00f3nica.-Procedimiento-2021-f.pdf\" class=\"mtli_attachment mtli_pdf\">4.1.1. ICSO Factura electr\u00f3nica. Procedimiento 2021-f<\/a><\/span><\/h6>\n<h6><span style=\"color: #008000;\"><a href=\"https:\/\/uned-illesbalears.net\/wp-content\/uploads\/2015\/04\/FAQ-e_factura.pdf\" class=\"mtli_attachment mtli_pdf\"><span style=\"color: #008000;\">FAQ electr\u00f3nica factura<\/span><\/a><\/span><\/h6>\n<h6><span style=\"color: #008000;\"><a style=\"color: #008000;\" href=\"https:\/\/uned-illesbalears.net\/wp-content\/uploads\/2021\/06\/Aceptaci\u00f3n-Presupuesto-Jardines-fF.pdf\" class=\"mtli_attachment mtli_pdf\">4.1.1 Aceptaci\u00f3n Presupuesto Jardines<\/a><\/span><\/h6>\n<h6><span style=\"color: #008000;\"><a style=\"color: #008000;\" href=\"https:\/\/uned-illesbalears.net\/wp-content\/uploads\/2021\/06\/Aceptaci\u00f3n-Presupuesto-Pintura-fF.pdf\" class=\"mtli_attachment mtli_pdf\">4.1.1 Aceptaci\u00f3n Presupuesto Pintura<\/a><\/span><\/h6>\n<h6><span style=\"color: #008000;\"><a style=\"color: #008000;\" href=\"https:\/\/uned-illesbalears.net\/wp-content\/uploads\/2021\/06\/Sol.Presup.Jardines-fF.pdf\" class=\"mtli_attachment mtli_pdf\">4.1.1 Sol.Presup.Jardines<\/a><\/span><\/h6>\n<h6><span style=\"color: #008000;\"><a style=\"color: #008000;\" href=\"https:\/\/uned-illesbalears.net\/wp-content\/uploads\/2021\/06\/Sol.Presup.Pintura-fF.pdf\" class=\"mtli_attachment mtli_pdf\">4.1.1 Sol.Presup.Pintura<\/a><\/span><\/h6>\n<h6>2020<\/h6>\n<h6><span style=\"color: #008000;\"><a style=\"color: #008000;\" href=\"https:\/\/uned-illesbalears.net\/wp-content\/uploads\/2020\/09\/4.1.1.-ICSO-Factura-electr\u00f3nica.-Procedimiento-2020-f.pdf\" class=\"mtli_attachment mtli_pdf\">4.1.1. ICSO Factura electr\u00f3nica. Procedimiento 2020-f<\/a><\/span><\/h6>\n<h6><span style=\"color: #008000;\"><a style=\"color: #008000;\" href=\"https:\/\/uned-illesbalears.net\/wp-content\/uploads\/2021\/05\/4.1.1-Acondicionamiento-Zonas-Verdes.pdf\" class=\"mtli_attachment mtli_pdf\">4.1.1 Acondicionamiento Zonas Verdes<\/a><\/span><\/h6>\n<h6><span style=\"color: #008000;\"><a style=\"color: #008000;\" href=\"https:\/\/uned-illesbalears.net\/wp-content\/uploads\/2021\/05\/4.1.1-CONTROL-de-Plagas-Edificio-CA.pdf\" class=\"mtli_attachment mtli_pdf\">4.1.1 CONTROL de Plagas Edificio CA<\/a><\/span><\/h6>\n<h6><span style=\"color: #008000;\"><a style=\"color: #008000;\" href=\"https:\/\/uned-illesbalears.net\/wp-content\/uploads\/2021\/05\/4.1.1-PAVIMENTACI\u00d3N-P\u00e1rking-Estudinates-CA.pdf\" class=\"mtli_attachment mtli_pdf\">4.1.1 PAVIMENTACI\u00d3N P\u00e1rking Estudinates CA<\/a><\/span><\/h6>\n<h6><span style=\"color: #008000;\"><a style=\"color: #008000;\" href=\"https:\/\/uned-illesbalears.net\/wp-content\/uploads\/2021\/05\/4.1.1-Reconstrucci\u00f3n-Muro-Exterior-Edificio-CA.pdf\" class=\"mtli_attachment mtli_pdf\">4.1.1 Reconstrucci\u00f3n Muro Exterior Edificio CA<\/a><\/span><\/h6>\n<h6><span style=\"color: #008000;\"><a style=\"color: #008000;\" href=\"https:\/\/uned-illesbalears.net\/wp-content\/uploads\/2021\/05\/4.1.1-R\u00f3tulo-AULA-Eivissa-Identidad-Corporativa.pdf\" class=\"mtli_attachment mtli_pdf\">4.1.1 R\u00f3tulo AULA Eivissa (Identidad Corporativa)<\/a><\/span><\/h6>\n<p>2019<\/p>\n<h6><span style=\"color: #008000;\"><a style=\"color: #008000;\" href=\"https:\/\/uned-illesbalears.net\/wp-content\/uploads\/2021\/05\/4.1.1-4-ESC\u00c1NER-VALIJA-VIRTUAL-EX\u00c1MENES.pdf\" class=\"mtli_attachment mtli_pdf\">4.1.1 4 ESC\u00c1NER (VALIJA VIRTUAL) EX\u00c1MENES<\/a><\/span><\/h6>\n<h6><span style=\"color: #008000;\"><a style=\"color: #008000;\" href=\"https:\/\/uned-illesbalears.net\/wp-content\/uploads\/2021\/05\/4.1.1-4-MATERIAL-PR\u00c1CTICAS-ELECTRICIDAD.pdf\" class=\"mtli_attachment mtli_pdf\">4.1.1 4 MATERIAL PR\u00c1CTICAS ELECTRICIDAD<\/a><\/span><\/h6>\n<h6><span style=\"color: #008000;\"><a style=\"color: #008000;\" href=\"https:\/\/uned-illesbalears.net\/wp-content\/uploads\/2021\/05\/4.1.1-4-MOBILIARIO-SILLAS-OFICINA-ERGON\u00d3MICAS.pdf\" class=\"mtli_attachment mtli_pdf\">4.1.1 4 MOBILIARIO SILLAS OFICINA ERGON\u00d3MICAS<\/a><\/span><\/h6>\n<h6><span style=\"color: #008000;\"><a style=\"color: #008000;\" href=\"https:\/\/uned-illesbalears.net\/wp-content\/uploads\/2021\/05\/4.1.1-4-SPLITS-Laboratorio.pdf\" class=\"mtli_attachment mtli_pdf\">4.1.1 4 SPLITS Laboratorio<\/a><\/span><\/h6>\n<h6><span style=\"color: #008000;\"><a style=\"color: #008000;\" href=\"https:\/\/uned-illesbalears.net\/wp-content\/uploads\/2021\/05\/4.1.1-4-TV-65-Pulgadas.pdf\" class=\"mtli_attachment mtli_pdf\">4.1.1 4 TV 65 Pulgadas<\/a><\/span><\/h6>\n<h6><span style=\"color: #008000;\"><a style=\"color: #008000;\" href=\"https:\/\/uned-illesbalears.net\/wp-content\/uploads\/2021\/05\/4.1.1-ILUMINARIA-LED-EDIFICIO-PRINCIPAL.pdf\" class=\"mtli_attachment mtli_pdf\">4.1.1 ILUMINARIA LED EDIFICIO PRINCIPAL<\/a><\/span><\/h6>\n<h6><span style=\"color: #008000;\"><a style=\"color: #008000;\" href=\"https:\/\/uned-illesbalears.net\/wp-content\/uploads\/2021\/05\/4.1.1-TV-AULAS-5-y-6-65-Pulgadas.pdf\" class=\"mtli_attachment mtli_pdf\">4.1.1 TV AULAS 5 y 6 65 Pulgadas<\/a><\/span><\/h6>\n<p>2018<\/p>\n<h6><span style=\"color: #008000;\">Contratos menores primer semestre de 2018<\/span><\/h6>\n<h6><span style=\"color: #008000;\"><a style=\"color: #008000;\" href=\"https:\/\/uned-illesbalears.net\/wp-content\/uploads\/2018\/07\/MESAS-PROFESOR-Solicitud.Aceptac-Presupuest.16032018Ib.pdf\" class=\"mtli_attachment mtli_pdf\">MESAS PROFESOR Solicitud.Aceptac Presupuest.16032018Ib<\/a><\/span><\/h6>\n<h6><span style=\"color: #008000;\"><a style=\"color: #008000;\" href=\"https:\/\/uned-illesbalears.net\/wp-content\/uploads\/2018\/07\/CONTADOR-AGUA-Solicitud.Acept_.-Presupuest.27032018.pdf\" class=\"mtli_attachment mtli_pdf\">CONTADOR AGUA Solicitud.Acept. Presupuest.27032018<\/a><\/span><\/h6>\n<h6><span style=\"color: #008000;\"><a style=\"color: #008000;\" href=\"https:\/\/uned-illesbalears.net\/wp-content\/uploads\/2018\/07\/ORDENADORES-PANTALLAS-Solicitud-Acept.-Presupuest.17042018Ge.pdf\" class=\"mtli_attachment mtli_pdf\">ORDENADORES-PANTALLAS Solicitud-Acept. Presupuest.17042018Ge<\/a><\/span><\/h6>\n<h6><span style=\"color: #008000;\"><a style=\"color: #008000;\" href=\"https:\/\/uned-illesbalears.net\/wp-content\/uploads\/2018\/07\/PANTALLAS-T\u00c1CTIL-Solicitud-Acept.-Prespuest.30042018Ma.pdf\" class=\"mtli_attachment mtli_pdf\">PANTALLAS T\u00c1CTIL Solicitud-Acept. Prespuest.30042018Ma<\/a><\/span><\/h6>\n<h6><span style=\"color: #008000;\"><a style=\"color: #008000;\" href=\"https:\/\/uned-illesbalears.net\/wp-content\/uploads\/2018\/07\/ASIENTOS-Solicitud-Acept.-Presupuest.29062018Ma.pdf\" class=\"mtli_attachment mtli_pdf\">ASIENTOS Solicitud-Acept. Presupuest.29062018Ma<\/a><\/span><\/h6>\n<h6><span style=\"color: #008000;\"><a style=\"color: #008000;\" href=\"https:\/\/uned-illesbalears.net\/wp-content\/uploads\/2018\/07\/VIDEOCONFER.-Solicitud.Acept_.-Presupuest.26062018Ma.pdf\" class=\"mtli_attachment mtli_pdf\">VIDEOCONFER. Solicitud.Acept. Presupuest.26062018Ma<\/a><\/span><\/h6>\n<h6><span style=\"color: #008000;\"><a style=\"color: #008000;\" href=\"https:\/\/uned-illesbalears.net\/wp-content\/uploads\/2018\/07\/LEDS-Solitic-Acept.-Presupuest.30062018Ma.pdf\" class=\"mtli_attachment mtli_pdf\">LEDS Solitic-Acept. Presupuest.30062018Ma<\/a><\/span><\/h6>\n<h6><span style=\"color: #008000;\"><a style=\"color: #008000;\" href=\"https:\/\/uned-illesbalears.net\/wp-content\/uploads\/2018\/07\/BIOMBOS-Solicitud.Acept_.-Presupuest.30062018Ma.pdf\" class=\"mtli_attachment mtli_pdf\">BIOMBOS Solicitud.Acept. Presupuest.30062018Ma<\/a><\/span><\/h6>\n","protected":false},"excerpt":{"rendered":"<p>DATOS DEL PERFIL DEL CONTRATANTE DEL CENTRO ASOCIADO UNED-Illes Balears: Datos identificativos del \u00f3rgano de contrataci\u00f3n: Direcci\u00f3n del Centro Asociado de la UNED en Illes Balears CIF: V07165566 Direcci\u00f3n postal: Cam\u00ed Roig s\/n, &#8211; 07009 Palma Tel\u00e9fono: 971434546 Persona de contacto: Gesti\u00f3n econ\u00f3mica E-mail: secretaria@palma.uned.es Actividad del \u00f3rgano de contrataci\u00f3n: Educaci\u00f3n 2022 Instrucciones Envio FACe [&hellip;]<\/p>\n","protected":false},"author":1,"featured_media":0,"parent":0,"menu_order":0,"comment_status":"closed","ping_status":"closed","template":"","meta":{"_acf_changed":false,"footnotes":""},"acf":[],"_links":{"self":[{"href":"https:\/\/uned-illesbalears.net\/ca\/wp-json\/wp\/v2\/pages\/18784"}],"collection":[{"href":"https:\/\/uned-illesbalears.net\/ca\/wp-json\/wp\/v2\/pages"}],"about":[{"href":"https:\/\/uned-illesbalears.net\/ca\/wp-json\/wp\/v2\/types\/page"}],"author":[{"embeddable":true,"href":"https:\/\/uned-illesbalears.net\/ca\/wp-json\/wp\/v2\/users\/1"}],"replies":[{"embeddable":true,"href":"https:\/\/uned-illesbalears.net\/ca\/wp-json\/wp\/v2\/comments?post=18784"}],"version-history":[{"count":19,"href":"https:\/\/uned-illesbalears.net\/ca\/wp-json\/wp\/v2\/pages\/18784\/revisions"}],"predecessor-version":[{"id":282450,"href":"https:\/\/uned-illesbalears.net\/ca\/wp-json\/wp\/v2\/pages\/18784\/revisions\/282450"}],"wp:attachment":[{"href":"https:\/\/uned-illesbalears.net\/ca\/wp-json\/wp\/v2\/media?parent=18784"}],"curies":[{"name":"wp","href":"https:\/\/api.w.org\/{rel}","templated":true}]}}

Perfil Contratante &#8211; Facturación electrónica

<h6><span style="color: #008000;">DATOS DEL PERFIL DEL CONTRATANTE DEL CENTRO ASOCIADO UNED-Illes Balears:</span></h6>
<p><strong>Datos identificativos del órgano de contratación:</strong><br />
Dirección del Centro Asociado de la UNED en Illes Balears<br />
<strong>CIF:</strong> V07165566<br />
<strong>Dirección postal:</strong> Camí Roig s/n, &#8211; 07009 Palma<br />
<strong>Teléfono:</strong> 971434546<br />
<strong>Persona de contacto:</strong> Gestión económica<br />
<strong>E-mail:</strong> secretaria@palma.uned.es<br />
<strong>Actividad del órgano de contratación:</strong> Educación</p>
<h6></h6>
<h6>2022</h6>
<h6><span style="color: #008000;"><a style="color: #008000;" href="https://uned-illesbalears.net/wp-content/uploads/2023/05/Instrucciones-Envio-FACe-UNED-IllesBalears-f-1.pdf" class="mtli_attachment mtli_pdf">Instrucciones Envio FACe UNED-IllesBalears-f</a></span></h6>
<h6><span style="color: #008000;"><a style="color: #008000;" href="https://uned-illesbalears.net/wp-content/uploads/2023/05/FACe-Manual-Proveedores.pdf" class="mtli_attachment mtli_pdf">FACe-Manual-Proveedores</a></span></h6>
<h6><span style="color: #008000;"><a style="color: #008000;" href="https://uned-illesbalears.net/wp-content/uploads/2023/05/4.1.1-Aceptacion-Presupuesto-Pavimentacion.pdf" class="mtli_attachment mtli_pdf">4.1.1 Aceptación Presupuesto Pavimentación</a></span></h6>
<h6><span style="color: #008000;"><a style="color: #008000;" href="https://uned-illesbalears.net/wp-content/uploads/2023/05/4.1.1-Aceptacion-Presupuesto-Pintura-Fachadas-Edificios.pdf" class="mtli_attachment mtli_pdf">4.1.1 Aceptación Presupuesto Pintura Fachadas Edificios</a></span></h6>
<h6>2021</h6>
<h6><span style="color: #008000;"><a style="color: #008000;" href="https://uned-illesbalears.net/wp-content/uploads/2021/05/4.1.1.-ICSO-Factura-electrónica.-Procedimiento-2021-f.pdf" class="mtli_attachment mtli_pdf">4.1.1. ICSO Factura electrónica. Procedimiento 2021-f</a></span></h6>
<h6><span style="color: #008000;"><a href="https://uned-illesbalears.net/wp-content/uploads/2015/04/FAQ-e_factura.pdf" class="mtli_attachment mtli_pdf"><span style="color: #008000;">FAQ electrónica factura</span></a></span></h6>
<h6><span style="color: #008000;"><a style="color: #008000;" href="https://uned-illesbalears.net/wp-content/uploads/2021/06/Aceptación-Presupuesto-Jardines-fF.pdf" class="mtli_attachment mtli_pdf">4.1.1 Aceptación Presupuesto Jardines</a></span></h6>
<h6><span style="color: #008000;"><a style="color: #008000;" href="https://uned-illesbalears.net/wp-content/uploads/2021/06/Aceptación-Presupuesto-Pintura-fF.pdf" class="mtli_attachment mtli_pdf">4.1.1 Aceptación Presupuesto Pintura</a></span></h6>
<h6><span style="color: #008000;"><a style="color: #008000;" href="https://uned-illesbalears.net/wp-content/uploads/2021/06/Sol.Presup.Jardines-fF.pdf" class="mtli_attachment mtli_pdf">4.1.1 Sol.Presup.Jardines</a></span></h6>
<h6><span style="color: #008000;"><a style="color: #008000;" href="https://uned-illesbalears.net/wp-content/uploads/2021/06/Sol.Presup.Pintura-fF.pdf" class="mtli_attachment mtli_pdf">4.1.1 Sol.Presup.Pintura</a></span></h6>
<h6>2020</h6>
<h6><span style="color: #008000;"><a style="color: #008000;" href="https://uned-illesbalears.net/wp-content/uploads/2020/09/4.1.1.-ICSO-Factura-electrónica.-Procedimiento-2020-f.pdf" class="mtli_attachment mtli_pdf">4.1.1. ICSO Factura electrónica. Procedimiento 2020-f</a></span></h6>
<h6><span style="color: #008000;"><a style="color: #008000;" href="https://uned-illesbalears.net/wp-content/uploads/2021/05/4.1.1-Acondicionamiento-Zonas-Verdes.pdf" class="mtli_attachment mtli_pdf">4.1.1 Acondicionamiento Zonas Verdes</a></span></h6>
<h6><span style="color: #008000;"><a style="color: #008000;" href="https://uned-illesbalears.net/wp-content/uploads/2021/05/4.1.1-CONTROL-de-Plagas-Edificio-CA.pdf" class="mtli_attachment mtli_pdf">4.1.1 CONTROL de Plagas Edificio CA</a></span></h6>
<h6><span style="color: #008000;"><a style="color: #008000;" href="https://uned-illesbalears.net/wp-content/uploads/2021/05/4.1.1-PAVIMENTACIÓN-Párking-Estudinates-CA.pdf" class="mtli_attachment mtli_pdf">4.1.1 PAVIMENTACIÓN Párking Estudinates CA</a></span></h6>
<h6><span style="color: #008000;"><a style="color: #008000;" href="https://uned-illesbalears.net/wp-content/uploads/2021/05/4.1.1-Reconstrucción-Muro-Exterior-Edificio-CA.pdf" class="mtli_attachment mtli_pdf">4.1.1 Reconstrucción Muro Exterior Edificio CA</a></span></h6>
<h6><span style="color: #008000;"><a style="color: #008000;" href="https://uned-illesbalears.net/wp-content/uploads/2021/05/4.1.1-Rótulo-AULA-Eivissa-Identidad-Corporativa.pdf" class="mtli_attachment mtli_pdf">4.1.1 Rótulo AULA Eivissa (Identidad Corporativa)</a></span></h6>
<p>2019</p>
<h6><span style="color: #008000;"><a style="color: #008000;" href="https://uned-illesbalears.net/wp-content/uploads/2021/05/4.1.1-4-ESCÁNER-VALIJA-VIRTUAL-EXÁMENES.pdf" class="mtli_attachment mtli_pdf">4.1.1 4 ESCÁNER (VALIJA VIRTUAL) EXÁMENES</a></span></h6>
<h6><span style="color: #008000;"><a style="color: #008000;" href="https://uned-illesbalears.net/wp-content/uploads/2021/05/4.1.1-4-MATERIAL-PRÁCTICAS-ELECTRICIDAD.pdf" class="mtli_attachment mtli_pdf">4.1.1 4 MATERIAL PRÁCTICAS ELECTRICIDAD</a></span></h6>
<h6><span style="color: #008000;"><a style="color: #008000;" href="https://uned-illesbalears.net/wp-content/uploads/2021/05/4.1.1-4-MOBILIARIO-SILLAS-OFICINA-ERGONÓMICAS.pdf" class="mtli_attachment mtli_pdf">4.1.1 4 MOBILIARIO SILLAS OFICINA ERGONÓMICAS</a></span></h6>
<h6><span style="color: #008000;"><a style="color: #008000;" href="https://uned-illesbalears.net/wp-content/uploads/2021/05/4.1.1-4-SPLITS-Laboratorio.pdf" class="mtli_attachment mtli_pdf">4.1.1 4 SPLITS Laboratorio</a></span></h6>
<h6><span style="color: #008000;"><a style="color: #008000;" href="https://uned-illesbalears.net/wp-content/uploads/2021/05/4.1.1-4-TV-65-Pulgadas.pdf" class="mtli_attachment mtli_pdf">4.1.1 4 TV 65 Pulgadas</a></span></h6>
<h6><span style="color: #008000;"><a style="color: #008000;" href="https://uned-illesbalears.net/wp-content/uploads/2021/05/4.1.1-ILUMINARIA-LED-EDIFICIO-PRINCIPAL.pdf" class="mtli_attachment mtli_pdf">4.1.1 ILUMINARIA LED EDIFICIO PRINCIPAL</a></span></h6>
<h6><span style="color: #008000;"><a style="color: #008000;" href="https://uned-illesbalears.net/wp-content/uploads/2021/05/4.1.1-TV-AULAS-5-y-6-65-Pulgadas.pdf" class="mtli_attachment mtli_pdf">4.1.1 TV AULAS 5 y 6 65 Pulgadas</a></span></h6>
<p>2018</p>
<h6><span style="color: #008000;">Contratos menores primer semestre de 2018</span></h6>
<h6><span style="color: #008000;"><a style="color: #008000;" href="https://uned-illesbalears.net/wp-content/uploads/2018/07/MESAS-PROFESOR-Solicitud.Aceptac-Presupuest.16032018Ib.pdf" class="mtli_attachment mtli_pdf">MESAS PROFESOR Solicitud.Aceptac Presupuest.16032018Ib</a></span></h6>
<h6><span style="color: #008000;"><a style="color: #008000;" href="https://uned-illesbalears.net/wp-content/uploads/2018/07/CONTADOR-AGUA-Solicitud.Acept_.-Presupuest.27032018.pdf" class="mtli_attachment mtli_pdf">CONTADOR AGUA Solicitud.Acept. Presupuest.27032018</a></span></h6>
<h6><span style="color: #008000;"><a style="color: #008000;" href="https://uned-illesbalears.net/wp-content/uploads/2018/07/ORDENADORES-PANTALLAS-Solicitud-Acept.-Presupuest.17042018Ge.pdf" class="mtli_attachment mtli_pdf">ORDENADORES-PANTALLAS Solicitud-Acept. Presupuest.17042018Ge</a></span></h6>
<h6><span style="color: #008000;"><a style="color: #008000;" href="https://uned-illesbalears.net/wp-content/uploads/2018/07/PANTALLAS-TÁCTIL-Solicitud-Acept.-Prespuest.30042018Ma.pdf" class="mtli_attachment mtli_pdf">PANTALLAS TÁCTIL Solicitud-Acept. Prespuest.30042018Ma</a></span></h6>
<h6><span style="color: #008000;"><a style="color: #008000;" href="https://uned-illesbalears.net/wp-content/uploads/2018/07/ASIENTOS-Solicitud-Acept.-Presupuest.29062018Ma.pdf" class="mtli_attachment mtli_pdf">ASIENTOS Solicitud-Acept. Presupuest.29062018Ma</a></span></h6>
<h6><span style="color: #008000;"><a style="color: #008000;" href="https://uned-illesbalears.net/wp-content/uploads/2018/07/VIDEOCONFER.-Solicitud.Acept_.-Presupuest.26062018Ma.pdf" class="mtli_attachment mtli_pdf">VIDEOCONFER. Solicitud.Acept. Presupuest.26062018Ma</a></span></h6>
<h6><span style="color: #008000;"><a style="color: #008000;" href="https://uned-illesbalears.net/wp-content/uploads/2018/07/LEDS-Solitic-Acept.-Presupuest.30062018Ma.pdf" class="mtli_attachment mtli_pdf">LEDS Solitic-Acept. Presupuest.30062018Ma</a></span></h6>
<h6><span style="color: #008000;"><a style="color: #008000;" href="https://uned-illesbalears.net/wp-content/uploads/2018/07/BIOMBOS-Solicitud.Acept_.-Presupuest.30062018Ma.pdf" class="mtli_attachment mtli_pdf">BIOMBOS Solicitud.Acept. Presupuest.30062018Ma</a></span></h6>

<p>DATOS DEL PERFIL DEL CONTRATANTE DEL CENTRO ASOCIADO UNED-Illes Balears: Datos identificativos del órgano de contratación: Dirección del Centro Asociado de la UNED en Illes Balears CIF: V07165566 Dirección postal: Camí Roig s/n, &#8211; 07009 Palma Teléfono: 971434546 Persona de contacto: Gestión económica E-mail: secretaria@palma.uned.es Actividad del órgano de contratación: Educación 2022 Instrucciones Envio FACe [&hellip;]</p>
